or of 18212 and 464?
116
Calculate the greatest common factor of 123 and 9184.
41
Calculate the greatest common divisor of 1276 and 176.
44
What is the greatest common factor of 9 and 45?
9
Calculate the highest common divisor of 12 and 1084.
4
What is the highest common divisor of 273 and 567?
21
What is the greatest common divisor of 1 and 31?
1
Calculate the greatest common divisor of 5 and 20.
5
Calculate the highest common divisor of 1072 and 402.
134
What is the highest common divisor of 270 and 54?
54
Calculate the greatest common divisor of 5313 and 924.
231
What is the highest common divisor of 213 and 1633?
71
What is the greatest common factor of 315 and 30?
15
Calculate the highest common factor of 6825 and 312.
39
What is the greatest common divisor of 9672 and 31?
31
What is the highest common factor of 451 and 1763?
41
Calculate the greatest common factor of 1856 and 224.
32
Calculate the highest common factor of 412 and 4.
4
Calculate the greatest common factor of 602 and 126.
14
What is the highest common factor of 1426 and 46?
46
Calculate the greatest common factor of 473 and 99.
11
Calculate the highest common divisor of 48 and 96.
48
Calculate the highest common factor of 31174 and 13.
13
What is the highest common divisor of 7 and 448?
7
What is the highest common factor of 200 and 64?
8
Calculate the greatest common divisor of 864 and 108.
108
What is the greatest common factor of 28476 and 252?
252
Calculate the greatest common factor of 294 and 1344.
42
Calculate the greatest common factor of 3070 and 10.
10
Calculate the highest common divisor of 12 and 354.
6
Calculate the greatest common factor of 15 and 255.
15
What is the greatest common factor of 3150 and 5?
5
Calculate the greatest common divisor of 905 and 60.
5
What is the highest common divisor of 5177 and 31?
31
Calculate the greatest common factor of 400 and 150.
50
Calculate the greatest common divisor of 459 and 306.
153
Calculate the greatest common divisor of 17 and 901.
17
Calculate the highest common factor of 1 and 274.
1
Calculate the greatest common divisor of 1691 and 266.
19
Calculate the highest common factor of 36 and 196.
4
What is the highest common factor of 7236 and 72?
36
Calculate the highest common divisor of 620 and 160.
20
Calculate the greatest common divisor of 30 and 2415.
15
What is the greatest common factor of 88 and 40?
8
Calculate the highest common divisor of 132 and 32.
4
Calculate the highest common divisor of 27 and 7551.
9
Calculate the highest common divisor of 198 and 336.
6
Calculate the greatest common factor of 6 and 1662.
6
Calculate the highest common factor of 8505 and 378.
189
What is the highest common factor of 300 and 140?
20
Calculate the highest common factor of 11322 and 459.
153
What is the greatest common divisor of 390 and 60?
30
Calculate the highest common divisor of 7 and 476.
7
Calculate the greatest common factor of 680 and 6630.
170
What is the greatest common divisor of 65 and 910?
65
Calculate the greatest common factor of 63 and 56.
7
What is the greatest common factor of 28 and 637?
7
What is the greatest common factor of 85 and 289?
17
Calculate the highest common factor of 312 and 1704.
24
Calculate the greatest common factor of 9797 and 101.
101
What is the greatest common factor of 3 and 45?
3
What is the highest common factor of 48 and 1416?
24
Calculate the highest common factor of 272 and 28152.
136
Calculate the greatest common divisor of 40 and 980.
20
What is the greatest common divisor of 35 and 595?
35
Calculate the highest common factor of 1268 and 20.
4
Calculate the highest common factor of 4932 and 72.
36
What is the greatest common divisor of 170 and 102?
34
Calculate the greatest common divisor of 354 and 12.
6
What is the highest common divisor of 608 and 224?
32
Calculate the highest common divisor of 43 and 559.
43
Calculate the greatest common factor of 202 and 2525.
101
Calculate the highest common factor of 441 and 4116.
147
Calculate the highest common factor of 65 and 845.
65
Calculate the greatest common factor of 231 and 33.
33
What is the highest common divisor of 6 and 822?
6
What is the greatest common factor of 54 and 54?
54
What is the greatest common divisor of 20243 and 31?
31
Calculate the highest common factor of 336 and 42.
42
What is the highest common divisor of 1605 and 30?
15
Calculate the highest common divisor of 26966 and 388.
194
Calculate the highest common factor of 1107 and 27.
27
Calculate the greatest common divisor of 750 and 270.
30
Calculate the highest common divisor of 2716 and 364.
28
Calculate the greatest common factor of 511 and 7.
7
What is the greatest common divisor of 99 and 2619?
9
Calculate the greatest common divisor of 160 and 136.
8
Calculate the highest common factor of 2132 and 260.
52
What is the greatest common factor of 141 and 893?
47
Calculate the highest common factor of 264 and 120.
24
What is the greatest common divisor of 308 and 9284?
44
What is the highest common factor of 5875 and 125?
125
What is the greatest common divisor of 351 and 403?
13
What is the greatest common divisor of 68 and 289?
17
What is the greatest common factor of 92 and 12?
4
What is the greatest common factor of 84 and 60?
12
What is the highest common factor of 154 and 2233?
77
Calculate the highest common factor of 1516 and 8.
4
Calculate the highest common divisor of 280 and 924.
28
What is the highest common factor of 78 and 4810?
26
What is the greatest common divisor of 1353 and 3198?
123
Calculate the greatest common divisor of 266 and 98.
14
Calculate the highest common factor of 30 and 29.
1
Calculate the highest common factor of 667 and 2139.
23
Calculate the highest common factor of 20 and 36.
4
Calculate the greatest common factor of 22 and 638.
22
Calculate the greatest common factor of 448 and 1456.
112
What is the highest common divisor of 2760 and 45?
15
Calculate the highest common divisor of 45 and 369.
9
Calculate the highest common divisor of 728 and 280.
56
Calculate the greatest common factor of 105 and 14.
7
Calculate the greatest common factor of 1278 and 6674.
142
What is the highest common divisor of 742 and 56?
14
What is the highest common divisor of 165 and 75?
15
Calculate the highest common divisor of 17 and 289.
17
What is the highest common factor of 306 and 12?
6
What is the highest common divisor of 92 and 2852?
92
Calculate the greatest common factor of 4 and 20.
4
What is the highest common divisor of 45 and 795?
15
What is the greatest common divisor of 147 and 147?
147
Calculate the greatest common factor of 391 and 207.
23
What is the greatest common divisor of 40 and 80?
40
What is the greatest common divisor of 12 and 492?
12
What is the greatest common factor of 119 and 49?
7
What is the greatest common divisor of 12 and 2424?
12
What is the greatest common divisor of 30 and 1605?
15
Calculate the highest common divisor of 297 and 7029.
99
Calculate the highest common factor of 99 and 121.
11
Calculate the greatest common divisor of 39 and 8775.
39
What is the greatest common factor of 390 and 13?
13
Calculate the highest common divisor of 845 and 5.
5
What is the highest common divisor of 42 and 4816?
14
What is the greatest common divisor of 62 and 26?
2
What is the highest common factor of 99 and 1503?
9
Calculate the highest common factor of 1333 and 215.
43
Calculate the highest common divisor of 126 and 54.
18
What is the greatest common factor of 90 and 54?
18
What is the greatest common divisor of 510 and 60?
30
Calculate the greatest common divisor of 297 and 216.
27
Calculate the greatest common factor of 102 and 26.
2
Calculate the highest common factor of 35 and 320.
5
Calculate the greatest common factor of 200 and 32.
8
Calculate the greatest common divisor of 28 and 6587.
7
Calculate the highest common divisor of 57 and 1767.
57
What is the greatest common factor of 75 and 9?
3
What is the highest common divisor of 210 and 175?
35
What is the greatest common factor of 228 and 36?
12
What is the highest common factor of 145 and 29?
29
What is the highest common factor of 47 and 2632?
47
Calculate the greatest common factor of 96 and 5976.
24
What is the greatest common factor of 3 